e units digit of (-4)/10 - 176/m?
4
Suppose -22 = -2*r + m, -m - 13 + 3 = -r. Suppose 4*z = 3*z + r. Suppose -2*v - 92 = -3*y, -2*v = v + z. What is the units digit of y?
8
Let w be ((-20)/15)/((-6)/9). Suppose -5*b + 108 = -w*b. What is the units digit of b?
6
Suppose 57 + 143 = 4*c. Let u(k) = 6*k + 6. Let b be u(-7). Let m = b + c. What is the tens digit of m?
1
Let o be (-12)/(-10)*(-80)/(-24). Suppose 0 = -a + 5*y + 49, 45 = o*a - 3*a - 3*y. Suppose 5*i - a - 66 = 0. What is the tens digit of i?
2
Suppose 2*y + 1 = 13. Let u(f) be the third derivative of -f**6/120 + f**5/12 + f**4/3 + f**3/6 - 30*f**2. What is the units digit of u(y)?
3
Suppose 334 = 5*n + 4*o, -o + 1 + 0 = 0. Suppose u = -5*u + n. What is the tens digit of u?
1
Suppose -18*j = -19*j + 129. Let p = 261 - j. What is the units digit of p?
2
Suppose 0 = -62*a - 42*a + 365664. What is the thousands digit of a?
3
Let h(f) = -f**3 - 3*f**2 - f - 3. Let o be h(-3). Suppose -5*u - 220 = -m - 732, o = -2*u - 5*m + 194. What is the tens digit of u?
0
Let q = 28 - 27. What is the tens digit of -54*(0/2 - q)?
5
Suppose 0 = 4*a + r - 140, -3*a + 4*r + 120 = a. Suppose 5*c = -61 - a. Let u = c + 56. What is the units digit of u?
7
Suppose -3*b - 261 = -0*b. What is the units digit of b/(-2*15/20)?
8
Let q(j) = -98*j + 4. Let x be q(-1). Suppose 0 = -0*p - 6*p + x. What is the units digit of p?
7
Suppose 4*c + 23 = -5*o, 2*c + 21 - 2 = -5*o. Let y be ((-78)/(-52))/(3/(-4)). What is the tens digit of (39 - 4/y) + o?
3
Let t = 755 - 511. Let s = -78 + t. What is the tens digit of s?
6
Suppose 0 = d - u + 3*u + 17, -5*d - 5*u - 80 = 0. Suppose 3*q = -3*b + 29 + 58, b + 133 = 5*q. Let i = q - d. What is the units digit of i?
2
Suppose 4*h + 71 - 2472 = -3*v, -25 = 5*h. What is the tens digit of v?
0
Let m be -3*(-22)/2 - -1. Let y = m + -62. What is the units digit of (2/4)/((-2)/y)?
7
Let y(u) = -105*u. Let q be y(-1). Suppose -3*v = 4*s - 347, 3*v - 2*v - q = -4*s. What is the tens digit of v?
2
What is the units digit of -8 - (4872/105)/((-3)/30)?
6
Suppose 2 = -4*q + 5*q. Suppose -q*m + 0*m = -18. Let r(k) = -k**2 + 13*k - 5. What is the units digit of r(m)?
1
Let q(g) = g**2 - 7*g + 12. Let y be q(5). Let h be 1/y + 35/10. Let f = h - -1. What is the units digit of f?
5
Let l(q) = -q**3 - 7*q**2 + 9*q + 11. Let d be l(-8). Suppose 2*k - 30 = d*k. Let o = 42 + k. What is the units digit of o?
2
Let z(j) = -j**3 + 4*j + 5. Let h be z(-1). Suppose -229 = -w - s - 0*s, h*s + 692 = 3*w. What is the hundreds digit of w?
2
Let f(o) = -6*o**2 + 3*o - 1. Let k(p) = 11*p**2 - 6*p + 2. Let q(t) = -5*f(t) - 2*k(t). Let m be -9 - -8 - (-4 + 1). What is the tens digit of q(m)?
2
Let w(y) = -y**3 + 23*y**2 + 17*y + 350. What is the hundreds digit of w(21)?
5
Suppose s = t - 512, 5*s - 2*s = 2*t - 1027. What is the tens digit of t?
0
What is the tens digit of 110316/(-29)*(-2)/4?
0
Let g = -100 + 183. Let j = g + -33. What is the tens digit of j?
5
Suppose 3625 = g + 4*m + 562, 0 = -3*g - 3*m + 9189. What is the hundreds digit of g?
0
Suppose 0 = y + 2*y - 15, 0 = 5*g - 5*y. Suppose 2*l - l = 4*w - g, -3*l = 3*w - 15. Suppose 0*z - 4 = -4*i - 4*z, 0 = l*i + 4*z. What is the units digit of i?
4
Let o(j) = 28*j + 10. What is the tens digit of o(5)?
5
Suppose -343 = 5*p - 3*n - n, -p = 3*n + 80. Let f = p - -105. What is the units digit of f?
4
Let x = -105 - -196. What is the units digit of x?
1
Suppose 0 = -r - r + 2, -357 = -4*c - r. Let h = c - 38. What is the tens digit of h?
5
Let c(g) = 2*g - 14. Let j be c(12). Let i = -15 - j. Let z = i + 59. What is the tens digit of z?
3
What is the tens digit of (-2)/(3*(-5)/30)*148?
9
Let q = 57 + 411. What is the tens digit of q?
6
Suppose -4*t - 2 = -5*t. Suppose -8*m + 540 = -6*m - 3*l, -4 = -t*l. What is the units digit of m?
3
Let a be (52/(-6))/(4/(-6)). Suppose -3 = 5*b - a. Suppose u - 21 = -4*t, -4*u + 30 = -b*u + 5*t. What is the units digit of u?
5
Let z(y) = 9*y. Suppose 2*h + 16 = 6*h. Let d = h - 2. What is the units digit of z(d)?
8
Let t = 16 - 10. Let g = 5 + 4. Let z = g - t. What is the units digit of z?
3
What is the units digit of 2486/88 - 3/12?
8
What is the tens digit of -1 + 18/21 - (-22014)/42?
2
Let r(j) = 2*j + 0 - 1 - j**3 + 1 - 7 - 7*j**2. Let n be r(-6). Let i = n + 77. What is the units digit of i?
2
Let q = -39 - -29. Let z(u) = -u + 9. What is the tens digit of z(q)?
1
Let w = -1277 - -2338. What is the units digit of w?
1
Suppose -3*u - 4 - 8 = 0. What is the tens digit of (-4 - -3)*(-227 - u)?
2
Let g(y) = y**2 - 9*y + 18. Let u(h) = -2*h**2 + 17*h - 35. Let i(c) = 5*g(c) + 2*u(c). What is the tens digit of i(14)?
6
Let k(h) = 3*h**2 - 13*h - 11. Let f(p) = -p**2 + 7*p + 5. Let q(j) = -7*f(j) - 3*k(j). Let x be q(-8). What is the units digit of 2*3/(-5)*x?
0
Let y = -816 - -1208. What is the tens digit of y?
9
Suppose 13*v - 9 = 16*v. What is the tens digit of (-3 + 7)*32 - v/(-1)?
2
Let d be (-9)/(-6)*(-10)/15. Let q be 3/((2 - d)/3). Suppose 4*k - t - 37 = q*k, 3*k + t = 95. What is the units digit of k?
3
Suppose -5*u = d - 27, 4*u + 0*u + 4*d = 28. Let s be (-16)/40 + 32/u. What is the tens digit of 147/4 + s/(-8)?
3
Let t(b) = b**3 + 14*b**2 - 13*b + 12. What is the units digit of t(-12)?
6
Suppose 3*z = 2*x + 2, 0*x + 3*x + 1 = 4*z. Let h(n) = -4*n - 86. Let t be h(-23). Suppose 51 = -x*b + t*b. What is the units digit of b?
1
Let n = -6 - -11. Let w(z) = 6*z + 1 - n - 2*z. What is the units digit of w(5)?
6
Let q = -18 + 21. Suppose 5*u = 4*j - j - 104, 2*u = -q*j + 139. What is the units digit of j?
3
Let w(o) be the third derivative of 11*o**4/4 + o**3/2 - 10*o**2. What is the units digit of w(1)?
9
What is the hundreds digit of 36/60 - (-7710)/25?
3
Let q = 3022 - 1591. What is the hundreds digit of q?
4
Let g = -439 - -686. What is the tens digit of g?
4
Suppose -5*z - 164 = -a - 0*z, -904 = -5*a - 3*z. Let o = -154 + a. What is the tens digit of o?
2
Suppose -246 = -3*f - 3*v, 0*v + v = 5*f - 416. Let s(u) = -3*u + 3. Let i be s(0). Suppose i*y + 11 - f = 0. What is the units digit of y?
4
Let z(r) = r + 7. Let u be 19/(-4) - (-17)/(-68). Let x be z(u). Suppose -4*l = -62 + x. What is the tens digit of l?
1
Let z(f) = 6*f**3 + f**2 + 2*f - 2. Let t be z(1). Suppose 630 = -t*p + 13*p. What is the units digit of p?
5
Suppose 26*x - 3294 = 3466. What is the tens digit of x?
6
Suppose 3*i = -s + 10, 4*s - 8 = i + 6. Suppose -5*n = i*x - 7*x - 225, 47 = n - 3*x. What is the tens digit of n?
4
Let x = -2154 - -4335. What is the units digit of x?
1
Suppose -5*d + 25 = -3*s, 4*s + 22 + 0 = d. What is the units digit of (4 - d)/((-18)/(-819))?
1
Suppose -3*d = -j - 4930 - 2972, j = 0. What is the units digit of d?
4
Let w = -14 + 1260. What is the tens digit of w?
4
Let x(d) = 16*d + 256. What is the units digit of x(23)?
4
Suppose 0 = -4*n - 0*n. Suppose 3*l - 81 = -0*l + w, 2*l - w - 53 = 0. Let o = l + n. What is the tens digit of o?
2
Let i = -3 + -13. Let v = i - -19. Suppose -180 = -2*n - v*n. What is the units digit of n?
6
Let s = 227 + -413. What is the hundreds digit of (-1)/1*(s + 3)?
1
Let g be (8/(-3))/(2/(-3)). Suppose 0 = -3*a + g*a - 3. What is the units digit of 5*(0 + a)/3?
5
Let v(u) = 9*u**2 - 3*u - 61. What is the hundreds digit of v(-6)?
2
Let d(i) = -680*i - 45. What is the hundreds digit of d(-3)?
9
What is the tens digit of 10*((-121)/(-5) - 3)?
1
Suppose -3*z + 7*z - 896 = 0. What is the hundreds digit of z?
2
Let t be (4/(-4) - 0)*0. Suppose t = 4*j + j. Suppose 2*i + 4*u - 52 = j, 4*i - 38 - 38 = -u. What is the tens digit of i?
1
Let o = 6 - 3. Suppose -2*w = o*w. Suppose w = z - 8 - 1. What is the units digit of z?
9
Let z(v) = -v**3 + 7*v**2 + 6. Let w be z(7). Let j(u) = u + 4. Let p be j(w). Let l = p + -1. What is the units digit of l?
9
Let u = 37 - 36. Let n(c) = 44*c**2 + 3*c - 3. What is the tens digit of n(u)?
4
Suppose -4240 = 124*g - 128*g. What is the units digit of g?
0
Suppose 0 = -2*u - x + 6*x - 1, 4*u + 2*x + 38 = 0. Let h(a) = -24*a + 9. Let j be h(u). Suppose 7*k - 100 = j. What is the units digit of k?
3
Let i = -6 - -12. Suppose t + 2*t + i = 0. What is the units digit of ((-130)/5)/t + -1?
2
Suppose 0 = -4*x + k + 5149, 2*x = 20*k - 25*k + 2547. What is the units 